{"id":74,"date":"2024-04-12T09:12:12","date_gmt":"2024-04-12T09:12:12","guid":{"rendered":"https:\/\/www.servet.info\/?page_id=74"},"modified":"2024-12-12T13:09:03","modified_gmt":"2024-12-12T13:09:03","slug":"aufkleber","status":"publish","type":"page","link":"https:\/\/www.servet.info\/index.php\/aufkleber\/","title":{"rendered":"Aufkleber"},"content":{"rendered":"\n<p><strong>Alles rund um Aufkleber \u2013 Ihr Partner f\u00fcr selbstklebende L\u00f6sungen<\/strong><\/p>\n\n\n\n<p>Ob rechtwinklig, oval oder individuell konturgeschnitten \u2013 <strong>wir sind Ihr Experte f\u00fcr Aufkleber, die \u00fcberzeugen!<\/strong> Ganz nach Ihren W\u00fcnschen gestalten und produzieren wir hochwertige Aufkleber, die vielseitig einsetzbar sind.<\/p>\n\n\n\n<h3 class=\"wp-block-heading\">Unsere Aufkleberl\u00f6sungen im \u00dcberblick:<\/h3>\n\n\n\n<p>\u2714 <strong>Individuelle Formate<\/strong> \u2013 perfekt angepasst an Ihre Bed\u00fcrfnisse<br>\u2714 <strong>Haltbare Qualit\u00e4t<\/strong> \u2013 wetterfest, langlebig und in brillanten Farben<br>\u2714 <strong>Vielseitige Einsatzm\u00f6glichkeiten<\/strong> \u2013 ob f\u00fcr Mappen, Ordner oder zur Autobeschriftung<\/p>\n\n\n\n<p>Von einfachen Aufklebern f\u00fcr den B\u00fcroalltag bis hin zu auff\u00e4lligen Designs f\u00fcr Komplettfolierungen: <strong>Bei uns dreht sich alles ums Kleben.<\/strong> Dabei stehen Qualit\u00e4t und Ihre Zufriedenheit immer im Fokus.<\/p>\n\n\n\n<p>Lassen Sie uns gemeinsam Ihre Ideen umsetzen! Kontaktieren Sie uns f\u00fcr eine pers\u00f6nliche Beratung und ein individuelles Angebot. <strong>Wir kleben, was zusammengeh\u00f6rt!<\/strong><\/p>\n\n\n\n<p><\/p>\n\n\n\n<figure class=\"wp-block-gallery has-nested-images columns-default is-cropped wp-block-gallery-1 is-layout-flex wp-block-gallery-is-layout-flex\">\n<figure class=\"wp-block-image size-large\"><img loading=\"lazy\" decoding=\"async\" width=\"595\" height=\"446\" data-id=\"217\" src=\"https:\/\/www.servet.info\/wp-content\/uploads\/2024\/12\/kfz1.jpg\" alt=\"\" class=\"wp-image-217\" srcset=\"https:\/\/www.servet.info\/wp-content\/uploads\/2024\/12\/kfz1.jpg 595w, https:\/\/www.servet.info\/wp-content\/uploads\/2024\/12\/kfz1-300x225.jpg 300w\" sizes=\"auto, (max-width: 595px) 100vw, 595px\" \/><\/figure>\n\n\n\n<figure class=\"wp-block-image size-large\"><img loading=\"lazy\" decoding=\"async\" width=\"595\" height=\"446\" data-id=\"218\" src=\"https:\/\/www.servet.info\/wp-content\/uploads\/2024\/12\/schaufenster2-1.jpg\" alt=\"\" class=\"wp-image-218\" srcset=\"https:\/\/www.servet.info\/wp-content\/uploads\/2024\/12\/schaufenster2-1.jpg 595w, https:\/\/www.servet.info\/wp-content\/uploads\/2024\/12\/schaufenster2-1-300x225.jpg 300w\" sizes=\"auto, (max-width: 595px) 100vw, 595px\" \/><\/figure>\n<\/figure>\n\n\n\n<figure class=\"wp-block-image size-full\"><img loading=\"lazy\" decoding=\"async\" width=\"595\" height=\"794\" src=\"https:\/\/www.servet.info\/wp-content\/uploads\/2024\/12\/glasdekor2.jpg\" alt=\"\" class=\"wp-image-219\" srcset=\"https:\/\/www.servet.info\/wp-content\/uploads\/2024\/12\/glasdekor2.jpg 595w, https:\/\/www.servet.info\/wp-content\/uploads\/2024\/12\/glasdekor2-225x300.jpg 225w\" sizes=\"auto, (max-width: 595px) 100vw, 595px\" \/><\/figure>\n","protected":false},"excerpt":{"rendered":"<p>Alles rund um Aufkleber \u2013 Ihr Partner f\u00fcr selbstklebende L\u00f6sungen Ob rechtwinklig, oval oder individuell konturgeschnitten \u2013 wir sind Ihr Experte f\u00fcr Aufkleber, die \u00fcberzeugen! Ganz nach Ihren W\u00fcnschen gestalten und produzieren wir hochwertige Aufkleber, die vielseitig einsetzbar sind. Unsere Aufkleberl\u00f6sungen im \u00dcberblick: \u2714 Individuelle Formate \u2013 perfekt angepasst an Ihre Bed\u00fcrfnisse\u2714 Haltbare Qualit\u00e4t \u2013 [&hellip;]<\/p>\n","protected":false},"author":1,"featured_media":0,"parent":0,"menu_order":0,"comment_status":"closed","ping_status":"closed","template":"","meta":{"footnotes":""},"class_list":["post-74","page","type-page","status-publish","hentry"],"_links":{"self":[{"href":"https:\/\/www.servet.info\/index.php\/wp-json\/wp\/v2\/pages\/74","targetHints":{"allow":["GET"]}}],"collection":[{"href":"https:\/\/www.servet.info\/index.php\/wp-json\/wp\/v2\/pages"}],"about":[{"href":"https:\/\/www.servet.info\/index.php\/wp-json\/wp\/v2\/types\/page"}],"author":[{"embeddable":true,"href":"https:\/\/www.servet.info\/index.php\/wp-json\/wp\/v2\/users\/1"}],"replies":[{"embeddable":true,"href":"https:\/\/www.servet.info\/index.php\/wp-json\/wp\/v2\/comments?post=74"}],"version-history":[{"count":4,"href":"https:\/\/www.servet.info\/index.php\/wp-json\/wp\/v2\/pages\/74\/revisions"}],"predecessor-version":[{"id":221,"href":"https:\/\/www.servet.info\/index.php\/wp-json\/wp\/v2\/pages\/74\/revisions\/221"}],"wp:attachment":[{"href":"https:\/\/www.servet.info\/index.php\/wp-json\/wp\/v2\/media?parent=74"}],"curies":[{"name":"wp","href":"https:\/\/api.w.org\/{rel}","templated":true}]}}

<p><strong>Alles rund um Aufkleber – Ihr Partner für selbstklebende Lösungen</strong></p>



<p>Ob rechtwinklig, oval oder individuell konturgeschnitten – <strong>wir sind Ihr Experte für Aufkleber, die überzeugen!</strong> Ganz nach Ihren Wünschen gestalten und produzieren wir hochwertige Aufkleber, die vielseitig einsetzbar sind.</p>



<h3 class="wp-block-heading">Unsere Aufkleberlösungen im Überblick:</h3>



<p>✔ <strong>Individuelle Formate</strong> – perfekt angepasst an Ihre Bedürfnisse<br>✔ <strong>Haltbare Qualität</strong> – wetterfest, langlebig und in brillanten Farben<br>✔ <strong>Vielseitige Einsatzmöglichkeiten</strong> – ob für Mappen, Ordner oder zur Autobeschriftung</p>



<p>Von einfachen Aufklebern für den Büroalltag bis hin zu auffälligen Designs für Komplettfolierungen: <strong>Bei uns dreht sich alles ums Kleben.</strong> Dabei stehen Qualität und Ihre Zufriedenheit immer im Fokus.</p>



<p>Lassen Sie uns gemeinsam Ihre Ideen umsetzen! Kontaktieren Sie uns für eine persönliche Beratung und ein individuelles Angebot. <strong>Wir kleben, was zusammengehört!</strong></p>



<p></p>



<figure class="wp-block-gallery has-nested-images columns-default is-cropped wp-block-gallery-1 is-layout-flex wp-block-gallery-is-layout-flex">
<figure class="wp-block-image size-large"><img loading="lazy" decoding="async" width="595" height="446" data-id="217" src="https://www.servet.info/wp-content/uploads/2024/12/kfz1.jpg" alt="" class="wp-image-217" srcset="https://www.servet.info/wp-content/uploads/2024/12/kfz1.jpg 595w, https://www.servet.info/wp-content/uploads/2024/12/kfz1-300x225.jpg 300w" sizes="auto, (max-width: 595px) 100vw, 595px" /></figure>



<figure class="wp-block-image size-large"><img loading="lazy" decoding="async" width="595" height="446" data-id="218" src="https://www.servet.info/wp-content/uploads/2024/12/schaufenster2-1.jpg" alt="" class="wp-image-218" srcset="https://www.servet.info/wp-content/uploads/2024/12/schaufenster2-1.jpg 595w, https://www.servet.info/wp-content/uploads/2024/12/schaufenster2-1-300x225.jpg 300w" sizes="auto, (max-width: 595px) 100vw, 595px" /></figure>
</figure>



<figure class="wp-block-image size-full"><img loading="lazy" decoding="async" width="595" height="794" src="https://www.servet.info/wp-content/uploads/2024/12/glasdekor2.jpg" alt="" class="wp-image-219" srcset="https://www.servet.info/wp-content/uploads/2024/12/glasdekor2.jpg 595w, https://www.servet.info/wp-content/uploads/2024/12/glasdekor2-225x300.jpg 225w" sizes="auto, (max-width: 595px) 100vw, 595px" /></figure>

<p>Alles rund um Aufkleber – Ihr Partner für selbstklebende Lösungen Ob rechtwinklig, oval oder individuell konturgeschnitten – wir sind Ihr Experte für Aufkleber, die überzeugen! Ganz nach Ihren Wünschen gestalten und produzieren wir hochwertige Aufkleber, die vielseitig einsetzbar sind. Unsere Aufkleberlösungen im Überblick: ✔ Individuelle Formate – perfekt angepasst an Ihre Bedürfnisse✔ Haltbare Qualität – [&hellip;]</p>
