{"id":18,"date":"2024-04-12T09:02:46","date_gmt":"2024-04-12T09:02:46","guid":{"rendered":"https:\/\/www.servet.info\/?page_id=18"},"modified":"2024-12-12T13:01:33","modified_gmt":"2024-12-12T13:01:33","slug":"digitaldrucke","status":"publish","type":"page","link":"https:\/\/www.servet.info\/index.php\/digitaldrucke\/","title":{"rendered":"Digitaldrucke"},"content":{"rendered":"\n<p><strong>Hochwertiger Digitaldruck \u2013 Pr\u00e4zision, die beeindruckt<\/strong><\/p>\n\n\n\n<p>Wenn es um <strong>perfekte Druckergebnisse<\/strong> geht, sind wir Ihr zuverl\u00e4ssiger Partner! Mit modernster <strong>Acjuity-Technologie<\/strong> und <strong>UV-stabilen Tinten<\/strong> sorgen wir daf\u00fcr, dass Ihre Druckerzeugnisse auch bei intensiver Sonneneinstrahlung farbbrillant und langlebig bleiben.<\/p>\n\n\n\n<h3 class=\"wp-block-heading\">Unser Angebot im Digitaldruck:<\/h3>\n\n\n\n<p>\u2714 <strong>Bandenwerbung und Bauzaunbanner<\/strong> \u2013 Robust und wetterfest f\u00fcr den Au\u00dfenbereich<br>\u2714 <strong>Dibondschilder<\/strong> \u2013 Stabil, hochwertig und vielseitig einsetzbar<br>\u2714 <strong>Individuelle Werbematerialien und Aufkleber<\/strong> \u2013 Perfekt angepasst an Ihre W\u00fcnsche<br>\u2714 <strong>Platten-Direktdruck<\/strong> \u2013 Beschriftungen von Exponaten direkt auf der Messetafel<\/p>\n\n\n\n<p>Ob Einzelst\u00fccke oder Gro\u00dfauflagen \u2013 wir verwenden ausschlie\u00dflich hochwertige Materialien und legen h\u00f6chsten Wert auf Pr\u00e4zision. So pr\u00e4sentieren sich Ihre Werbemittel immer im besten Licht und hinterlassen garantiert einen bleibenden Eindruck.<\/p>\n\n\n\n<p>Lassen Sie uns Ihre Ideen verwirklichen! Gemeinsam finden wir die perfekte Druckl\u00f6sung f\u00fcr Ihre Projekte. <strong>Kontaktieren Sie uns und erleben Sie Digitaldruck auf h\u00f6chstem Niveau.<\/strong><\/p>\n\n\n\n<p><\/p>\n\n\n\n<figure class=\"wp-block-image size-full\"><img loading=\"lazy\" decoding=\"async\" width=\"595\" height=\"391\" src=\"https:\/\/www.servet.info\/wp-content\/uploads\/2024\/12\/aerotechnik.jpg\" alt=\"\" class=\"wp-image-172\" srcset=\"https:\/\/www.servet.info\/wp-content\/uploads\/2024\/12\/aerotechnik.jpg 595w, https:\/\/www.servet.info\/wp-content\/uploads\/2024\/12\/aerotechnik-300x197.jpg 300w\" sizes=\"auto, (max-width: 595px) 100vw, 595px\" \/><\/figure>\n","protected":false},"excerpt":{"rendered":"<p>Hochwertiger Digitaldruck \u2013 Pr\u00e4zision, die beeindruckt Wenn es um perfekte Druckergebnisse geht, sind wir Ihr zuverl\u00e4ssiger Partner! Mit modernster Acjuity-Technologie und UV-stabilen Tinten sorgen wir daf\u00fcr, dass Ihre Druckerzeugnisse auch bei intensiver Sonneneinstrahlung farbbrillant und langlebig bleiben. Unser Angebot im Digitaldruck: \u2714 Bandenwerbung und Bauzaunbanner \u2013 Robust und wetterfest f\u00fcr den Au\u00dfenbereich\u2714 Dibondschilder \u2013 Stabil, [&hellip;]<\/p>\n","protected":false},"author":1,"featured_media":0,"parent":0,"menu_order":0,"comment_status":"closed","ping_status":"closed","template":"","meta":{"footnotes":""},"class_list":["post-18","page","type-page","status-publish","hentry"],"_links":{"self":[{"href":"https:\/\/www.servet.info\/index.php\/wp-json\/wp\/v2\/pages\/18","targetHints":{"allow":["GET"]}}],"collection":[{"href":"https:\/\/www.servet.info\/index.php\/wp-json\/wp\/v2\/pages"}],"about":[{"href":"https:\/\/www.servet.info\/index.php\/wp-json\/wp\/v2\/types\/page"}],"author":[{"embeddable":true,"href":"https:\/\/www.servet.info\/index.php\/wp-json\/wp\/v2\/users\/1"}],"replies":[{"embeddable":true,"href":"https:\/\/www.servet.info\/index.php\/wp-json\/wp\/v2\/comments?post=18"}],"version-history":[{"count":5,"href":"https:\/\/www.servet.info\/index.php\/wp-json\/wp\/v2\/pages\/18\/revisions"}],"predecessor-version":[{"id":174,"href":"https:\/\/www.servet.info\/index.php\/wp-json\/wp\/v2\/pages\/18\/revisions\/174"}],"wp:attachment":[{"href":"https:\/\/www.servet.info\/index.php\/wp-json\/wp\/v2\/media?parent=18"}],"curies":[{"name":"wp","href":"https:\/\/api.w.org\/{rel}","templated":true}]}}